10100001001 (base 2) in base 11?
5399722
60335 (base 9) to base 11
27868
What is 164570 (base 9) in base 7?
602535
Convert 33062 (base 7) to base 2.
10000001010100
Convert 1c55f (base 16) to base 12.
571bb
950358 (base 12) to base 15
314648
What is -198923 (base 10) in base 5?
-22331143
What is 84261 (base 9) in base 7?
321106
-1052042 (base 8) to base 2
-1000101010000100010
-9dba4 (base 15) to base 16
-7a971
What is 150490b (base 12) in base 5?
2041111423
What is -2164054 (base 10) in base 8?
-10202526
Convert 853077 (base 9) to base 7.
4212313
What is -211222012102 (base 3) in base 6?
-13405102
What is 1413 (base 15) in base 11?
3253
572704 (base 12) to base 5
324100110
254101 (base 9) to base 12
75091
What is 1111100010101111 (base 2) in base 15?
13ce3
What is 21644 (base 7) in base 5?
133341
1205610 (base 13) to base 6
315343503
Convert 130122201031 (base 4) to base 7.
120212122
What is -155370 (base 10) in base 3?
-21220010110
-244145551 (base 6) to base 11
-2707050
Convert -4dfbe (base 16) to base 8.
-1157676
What is 1e0ebd (base 15) in base 2?
101100111001111011101
What is 1302043 (base 6) in base 3?
10120122000
c74ce (base 16) to base 13
22774c
What is 172900 (base 15) in base 14?
213125
Convert -33748 (base 9) to base 3.
-1010211122
What is 23572 (base 9) in base 7?
64001
What is 10011101101101100 (base 2) in base 9?
132680
Convert -73c61 (base 16) to base 5.
-110133314
Convert -147626 (base 9) to base 6.
-1540510
Convert 1200058 (base 9) to base 16.
9e978
What is -611619 (base 11) in base 16?
-efff0
-866aa (base 15) to base 16
-68308
Convert 3303778 (base 9) to base 14.
342875
Convert 424642 (base 13) to base 8.
5727426
Convert 11b7cc (base 16) to base 8.
4333714
What is 2110111010222 (base 3) in base 4?
10333133312
Convert 148483 (base 12) to base 11.
217186
-110000100110000101 (base 2) to base 11
-126600
What is -1c04c85 (base 13) in base 14?
-133ca78
189206 (base 13) to base 6
21141522
Convert -1598302 (base 13) to base 10.
-6958408
What is 305320404 (base 7) in base 13?
3940a58
-211220220002002 (base 3) to base 5
-11104303041
What is 7c223 (base 13) in base 2?
110111010101100010
110111011110100100010 (base 2) to base 15
25d97a
-164388 (base 9) to base 13
-37367
133303422 (base 5) to base 12
28a635
f41f (base 16) to base 8
172037
Convert 26046517 (base 8) to base 5.
2440140314
What is 13c5599 (base 13) in base 2?
11000000000111101010000
What is 10012022 (base 4) in base 10?
16778
What is 110000101220 (base 3) in base 11?
151751
What is -2312320211 (base 4) in base 10?
-749093
244501213 (base 6) to base 14
8a67d7
Convert 102504466 (base 7) to base 6.
334234434
-402340 (base 8) to base 10
-132320
Convert -17bfd (base 16) to base 7.
-553415
88188 (base 16) to base 9
1038606
-a45c2 (base 13) to base 7
-2340141
168991 (base 11) to base 14
6b03c
What is -34304200 (base 5) in base 10?
-306800
What is -200350 (base 7) in base 5?
-2040141
-34276 (base 9) to base 4
-11210232
What is 4434b (base 14) in base 6?
3313131
What is -95489 (base 12) in base 3?
-100221210020
-3063a7 (base 13) to base 5
-242041310
-288383 (base 9) to base 3
-22222102210
What is cdeeb6 (base 15) in base 8?
45356014
What is -320403240 (base 5) in base 12?
-5480ba
Convert 24052442 (base 8) to base 6.
304501254
Convert -88272 (base 14) to base 3.
-121202100210
-1341046 (base 8) to base 16
-5c226
What is -27a64 (base 12) in base 13?
-1c0c3
Convert -23221314 (base 5) to base 2.
-110011011110010010
Convert -782aa (base 15) to base 5.
-44210420
3b18873 (base 12) to base 5
11000342103
Convert -43fc0 (base 16) to base 10.
-278464
20215016 (base 7) to base 14
31c00d
Convert a52491 (base 13) to base 6.
214430351
Convert -1352202 (base 10) to base 3.
-2112200212120
-1011011101100001000 (base 2) to base 5
-44004220
Convert 686638 (base 10) to base 14.
13c338
-2122104212 (base 5) to base 11
-2595a42
What is 53b27 (base 13) in base 5?
14320123
Convert 1001282 (base 12) to base 6.
144013442
Convert -1002102001221 (base 3) to base 10.
-578878
-420547 (base 9) to base 10
-249766
What is 3045341 (base 6) in base 4?
203232331
-161875 (base 9) to base 10
-99860
7531844 (base 9) to base 15
54aea7
What is 18648863 (base 9) in base 6?
533534220
What is -101001001111111001 (base 2) in base 6?
-3342105
113069 (base 14) to base 11
36a213
1012002110 (base 4) to base 10
286868
What is -17a64 (base 15) in base 11?
-52601
What is -33040454 (base 6) in base 16?
-f0832
What is -a02cc (base 14) in base 13?
-10616a
-2352336 (base 9) to base 4
-10313023020
Convert 429e1 (base 16) to base 12.
111aa9
What is -113860 (base 10) in base 4?
-123303010
-3878301 (base 9) to base 15
-2bcb7d
-246430 (base 7) to base 13
-17926
What is 1124124 (base 6) in base 13?
204ac
What is -10200122020 (base 3) in base 14?
-1c684
336868 (base 10) to base 16
523e4
What is 60933 (base 13) in base 6?
3412333
5664681 (base 9) to base 11
17a6853
What is 224967 (base 10) in base 11?
144026
Convert 2423412 (base 5) to base 6.
550322
What is -25255b4 (base 12) in base 14?
-d72504
Convert -2418 (base 16) to base 2.
-10010000011000
Convert -12012302310 (base 4) to base 15.
-21942c
Convert 2c1dc (base 15) to base 5.
14022212
Convert -110010001010110111100110 (base 2) to base 15.
-124bc13
1432367 (base 11) to base 13
682c91
Convert -2020001202121 (base 3) to base 16.
-120a39
What is 164134 (base 9) in base 6?
2101351
Convert 112120000001 (base 3) to base 2.
1000101111100100010
-411131 (base 12) to base 14
-1c6da5
-3733512 (base 8) to base 2
-11111011011101001010
What is 341230 (base 7) in base 12?
2b007
Convert -303765 (base 9) to base 16.
-2bef8
What is -2544352 (base 6) in base 12?
-680b8
Convert -505032 (base 7) to base 8.
-247415
11000011001100000 (base 2) to base 7
564234
What is -1411546 (base 8) in base 13?
-10c315
What is 45861 (base 9) in base 7?
155122
-28040 (base 11) to base 4
-21300212
-1122505 (base 7) to base 15
-2b814
What is -45020 (base 14) in base 13?
-5b27b
Convert -112112002022001 (base 3) to base 7.
-122411512
Convert 13770420 (base 9) to base 5.
3222240104
What is 23327542 (base 8) in base 7?
61163030
What is 2147557 (base 8) in base 5?
121434031
What is 593993 (base 11) in base 13?
26cb27
111022201122012 (base 3) to base 13
160ba6a
Convert 34142432 (base 5) to base 11.
197604
-67776 (base 11) to base 13
-35858
Convert 89a03 (base 13) to base 11.
160881
What is 9b819c (base 16) in base 7?
152424062
-30407 (base 10) to base 3
-1112201012
What is 966c8b (base 13) in base 8?
15353210
-101112002030 (base 4) to base 11
-2626004
What is -12201122301 (base 4) in base 10?
-1709745
What is ca7c2 (base 16) in base 11?
517140
What is 33040421 (base 7) in base 11?
1665850
What is 2657c (base 14) in base 15?
1ce76
Convert b567 (base 15) to base 7.
216541
What is -3012404404 (base 5) in base 7?
-101562544
Convert -37229a7 (base 13) to base 12.
-58a8624
-11433144 (base 6) to base 5
-43043141
What is 1113120 (base 6) in base 4?
31301220
Convert 6337135 (base 9) to base 6.
200401352
107128b (base 13) to base 7
60514635
-6c0488 (base 14) to base 16
-384988
Convert 55664 (base 7) to base 10.
14060
Convert -1372e1 (base 15) to base 13.
-269a94
Convert -2028a7 (base 11) to base 2.
-1001111100011011001
-4792658 (base 10) to base 12
-1731642
Convert -699566 (base 10) to base 12.
-298a12
-4164598 (base 11) to base 15
-9a026c
What is 20004022 (base 5) in base 14?
411b4
Convert 23203310222 (base 4) to base 5.
1233432224
b4123 (base 14) to base 10
433779
Convert abc1ac (base 14) to base 11.
3325270
Convert -103440000 (base 5) to base 2.
-1101110011110010100
Convert -1a94367 (base 11) to base 13.
-963006
Convert -2541314 (base 6) to base 5.
-13401320
What is -1521574 (base 8) in base 10?
-435068
What is -14360151 (base 8) in base 12?
-1117749
-53367 (base 8) to base 15
-68e3
4e558 (base 15) to base 5
31012313
Convert -2860586 (base 12) to base 10.
-8087862
Convert 109305 (base 10) to base 15.
225c0
-b4782 (base 16) to base 14
-153562
What is 6a9b2 (base 14) in base 8?
773420
Convert 285ca (base 14) to base 8.
303146
What is -22521524 (base 6) in base 9?
-1268407
What is -1467457 (base 9) in base 16?
-c65c2
What is 14135364 (base 7) in base 14?
2650db
What is 451544 (base 14) in base 13?
64246a
What is -42532 (base 15) in base 8?
-632766
C